Determine q(-3).
-26
Let r(k) = -k**2 + 4*k + 3. Calculate r(-2).
-9
Let h(p) = -p**3 - 3*p**2 + 5*p - 1. Determine h(-4).
-5
Let w(o) = o**2 + 7*o - 21. Calculate w(-10).
9
Let j(z) = z**2 - 21*z + 67. Determine j(18).
13
Let u(v) = v + 17. Calculate u(-17).
0
Let o(x) = x**3 - 6*x**2 + 3*x. What is o(5)?
-10
Let q(h) = h**3 - 5*h**2 + 4*h + 2. What is q(4)?
2
Let q(b) = b**3 - 12*b**2 - 3*b - 10. Calculate q(12).
-46
Let p(c) = 11*c**3 + 2*c**2 + 2*c. What is p(-1)?
-11
Let g(c) = 4*c + 24. What is g(-9)?
-12
Let b(v) = v**2 + 2*v + 7. What is b(-3)?
10
Let m(j) = -18*j - 242. Give m(-13).
-8
Let f(h) = h**3 - 4*h**2 - h + 7. What is f(5)?
27
Let a(f) = 7*f - 192. Determine a(27).
-3
Let q(k) = k**2 + 3*k + 1. Calculate q(-3).
1
Let v(t) = -5*t + 22. Determine v(6).
-8
Let o(i) = i**2 - 14*i - 18. Give o(14).
-18
Let m(h) = 4*h**2 - 3*h + 3. Determine m(2).
13
Let n(p) = p**2 + 122*p + 363. What is n(-3)?
6
Let d(b) = -2*b**2 - 42*b + 8. Give d(-21).
8
Let c(o) = o**3 - 27*o**2 + 47*o + 18. Calculate c(25).
-57
Let c(i) = -2*i + 122. Determine c(57).
8
Let k(p) = 23*p**2 - 6*p - 8. What is k(-3)?
217
Let u(l) = -l**2 - 3*l + 20. Calculate u(-10).
-50
Let q(g) = 2*g - 15. Determine q(6).
-3
Let t(n) = -6*n + 123. Determine t(21).
-3
Let t(w) = -w**2 - 11*w - 38. Give t(-7).
-10
Let k(t) = -7*t - 41. Determine k(8).
-97
Let g(r) = -r**3 + 4*r**2 + 8*r + 2. Determine g(6).
-22
Let p(x) = -x + 5. Give p(1).
4
Let j(s) = -4*s**3 + s**2 - 2*s + 1. Determine j(1).
-4
Let y(l) = 84*l - 445. Give y(5).
-25
Let u(q) = -q**3 - 11*q**2 + 7*q + 9. Give u(-12).
69
Let i(h) = 7*h**2 + 3*h - 2. What is i(2)?
32
Let b(w) = w**2 - 11*w + 2. Determine b(15).
62
Let z(o) = -10*o - 311. Give z(-31).
-1
Let l(v) = -15*v + 31. Calculate l(2).
1
Let j(u) = 5*u**3 + 2*u**2 - u - 1. What is j(2)?
45
Let a(l) = l**2 - 6*l + 6. Calculate a(5).
1
Let g(c) = -5*c**3 + 4*c**2 + 4*c - 2. What is g(-2)?
46
Let a(n) = -n**3 + 28*n**2 - 29*n + 22. What is a(27)?
-32
Let y(m) = -m**3 + 3*m**2 + 5*m - 13. What is y(4)?
-9
Let q(k) = -2*k**2 + 38*k - 116. Give q(3).
-20
Let h(u) = -2*u**2 - 2. Determine h(1).
-4
Let n(o) = -o**3 + 33*o**2 + 34*o - 11. Determine n(34).
-11
Let m(b) = b**2 - 7*b + 6. Calculate m(5).
-4
Let j(f) = 30*f - 14. Calculate j(-5).
-164
Let l(o) = o**3 + 8*o**2 + 13*o + 9. Determine l(-6).
3
Let l(j) = 2*j**2 - 27*j + 50. Give l(11).
-5
Let m(t) = -3*t**2 - 2*t - 4. Give m(3).
-37
Let n(a) = -a**3 - 2*a**2 + 3*a - 6. Give n(-4).
14
Let h(t) = t - 2. Give h(-18).
-20
Let u(c) = c**3 - 5*c**2 + 2*c + 3. What is u(3)?
-9
Let b(p) = -11*p - 116. What is b(-12)?
16
Let q(n) = 5*n - 26. Give q(4).
-6
Let o(g) = -4*g - 19. Give o(13).
-71
Let l(z) = 2*z**3 - 10*z**2 + 13*z - 18. Determine l(4).
2
Let w(s) = -s**2 - 10*s - 11. Give w(-5).
14
Let m(u) = -u**3 - 6*u**2 + 7*u + 6. Give m(-5).
-54
Let w(y) = y**2 - 68*y + 870. Give w(51).
3
Let z(k) = -k**3 - 6*k**2 - 3*k + 3. Give z(-6).
21
Let v(a) = a**3 - 3*a**2 - 8*a. Give v(5).
10
Let w(m) = 2*m**3 - m**2 + m + 3. Calculate w(-2).
-19
Let f(c) = 3*c**2 + 16*c - 5. What is f(-6)?
7
Let j(q) = 2*q**2 - 4*q - 3. Calculate j(4).
13
Let n(l) = 10*l**2 + 4*l + 4. Determine n(-3).
82
Let x(o) = -4*o + 2. Give x(2).
-6
Let o(j) = -21*j + 142. What is o(7)?
-5
Let b(z) = z**3 + z**2 + z - 1. Give b(-2).
-7
Let t(h) = h**2 + 3*h - 28. What is t(-8)?
12
Let c(i) = 10*i - 14. Calculate c(-2).
-34
Let m(o) = -o**3 + 11*o**2 - 17*o - 8. Determine m(8).
48
Let g(r) = -r**3 + 8*r**2 - 18. What is g(6)?
54
Let z(n) = -9*n**2 + n. What is z(-3)?
-84
Let g(d) = -d**3 - 14*d**2 + 14*d + 2. Determine g(-15).
17
Let l(p) = p**3 - 3*p**2 - 2*p - 7. Calculate l(4).
1
Let j(q) = -8*q + 39. What is j(6)?
-9
Let c(x) = x**2 - 9*x - 16. Calculate c(9).
-16
Let i(z) = 15*z**3 + 3*z**2 - z. Give i(1).
17
Let q(u) = u**3 - 12*u**2 + 16*u - 196. What is q(12)?
-4
Let x(a) = a - 21. Determine x(10).
-11
Let h(k) = -k + 7. Calculate h(3).
4
Let w(u) = -9*u - 22. Determine w(-3).
5
Let c(s) = 2*s**2 + 7*s - 58. What is c(4)?
2
Let u(g) = g**2 - 40*g + 75. Give u(40).
75
Let v(d) = -13*d - 1. Determine v(-2).
25
Let y(t) = t**3 + 9*t**2 - 11. Calculate y(-9).
-11
Let q(w) = -w**3 - 16*w + 39. What is q(2)?
-1
Let n(t) = 3*t + 3. Give n(-8).
-21
Let k(f) = -179*f - 351. Determine k(-2).
7
Let m(i) = i**3 + 12*i**2 + 10*i + 10. Determine m(-11).
21
Let w(d) = -d**3 - 7*d**2 - 4*d - 4. Give w(-7).
24
Let o(x) = -3*x**2 - 8*x + 3. Give o(-4).
-13
Let y(w) = -w**3 - 10*w**2 - 7*w - 12. What is y(-9)?
-30
Let g(k) = k + 10. What is g(8)?
18
Let v(l) = -51*l - 45. Determine v(-1).
6
Let o(a) = -2*a**2 + 4*a - 2. Determine o(2).
-2
Let i(p) = -5*p**2 - 6*p - 8. What is i(-2)?
-16
Let g(x) = x**2 - 9*x + 18. Give g(6).
0
Let r(j) = -j + 4. Give r(5).
-1
Let n(p) = p**3 - 2*p**2 + 6. Give n(2).
6
Let l(f) = -3*f**2 + 2*f - 3. Calculate l(1).
-4
Let d(z) = -z**2 + 11*z - 11. Determine d(1).
-1
Let x(i) = 83*i - 430. Determine x(5).
-15
Let u(n) = -15*n**2 - 75*n. Give u(-5).
0
Let t(q) = -6*q - 36. Calculate t(-5).
-6
Let i(o) = -o**3 + 2*o**2 - 4*o + 2. Give i(2).
-6
Let d(b) = 42*b + 17. Determine d(2).
101
Let j(z) = z**3 + 3*z**2 - 5*z - 5. Calculate j(-4).
-1
Let d(c) = c**3 - 5*c**2 - 3*c + 6. Determine d(4).
-22
Let n(g) = -g**2 - 3*g - 2. What is n(-6)?
-20
Let d(x) = x**2 - 7*x - 18. Calculate d(-4).
26
Let p(k) = -10*k + 150. Determine p(17).
-20
Let o(n) = n**2 + 2*n - 15. What is o(0)?
-15
Let i(r) = -48*r + 189. Determine i(4).
-3
Let f(y) = -y**2 - 3*y - 37. Determine f(0).
-37
Let p(f) = -f**2 - 14*f - 15. Give p(-13).
-2
Let b(v) = 2*v. What is b(7)?
14
Let z(r) = -r**3 - 25*r**2 - 27*r - 63. What is z(-24)?
9
Let c(l) = 8*l**2 - l. Give c(-1).
9
Let x(g) = -9*g - 74. Determine x(-8).
-2
Let o(v) = -v**2 - 7*v + 37. What is o(3)?
7
Let p(y) = y**2 - 7*y + 1. Determine p(6).
-5
Let z(g) = -3*g**2 - 22*g - 21. What is z(-7)?
-14
Let r(f) = 18*f - 372. Give r(21).
6
Let x(g) = g**3 - 9*g**2 + 13*g + 3. Determine x(7).
-4
Let i(j) = -j**3 + 4*j**2 + 2*j - 11. What is i(2)?
1
Let j(y) = -2*y**3 + 2*y**2 + y + 3. Give j(3).
-30
Let g(q) = 2*q**2 - 2*q - 7. Give g(3).
5
Let m(w) = 6*w - 7. Give m(5).
23
Let m(v) = -v**3 + 18*v**2 + 8*v + 204. Determine m(19).
-5
Let d(b) = 2*b**2 - 60*b + 249. Determine d(25).
-1
Let v(x) = -3*x**2 - 16*x + 2. Determine v(-5).
7
Let k(v) = -43*v**3 - v**2 - 3*v - 2. What is k(-1)?
43
Let c(j) = -3*j - 24. Determine c(-7).
-3
Let l(v) = -v + 8. What is l(-8)?
16
Let u(c) = c**2 - 6*c - 3. Give u(6).
-3
Let x(v) = -v**3 + 7*v**2 + 3*v + 7. Determine x(7).
28
Let t(h) = 11*h - 5. Determine t(-6).
-71
Let l(t) = t**3 + 9*t**2 - 22*t + 11. Calculate l(-11).
11
Let x(z) = -4*z - 51. Determine x(-13).
1
Let r(k) = 3*k**3 - k**2 - 2*k + 2. Calculate r(2).
18
Let p(g) = g**3 + 9*g**2 - 2*g - 2. Determine p(-9).
16
Let o(z) = -3*z - 17. Calculate o(-12).
19
Let f(q) = -3*q**2 + 2*q - 1. Calculate f(2).
-9
Let n(x) = -x**2 + 10*x + 17. What is n(11)?
6
Let p(m) = m**3 + 2*m**2 + m + 2. What is p(-2)?
0
Let s(a) = a**2 - 25*a + 152. Calculate s(16).
8
Let y(t) = t**3 + 4*t**2 - 14*t - 1. Determine y(-6).
11
Let d(q) = -2*q**2 + 6*q + 7. Calculate d(6).
-29
Let g(u) = 30*u - 783. Give g(26).
-3
Let r(m) = m**3 + 7*m**2 + 9*m + 15. Determine r(-6).
-3
Let c(v) = -v**3 - 5*v**2 + 14*v + 73. Determine c(-5).
3
Let p(z) = -5*z**2 + 54*z + 3. Determine p(11).
-8
Let k(n) = -n**3 + 11*n**2 - 3*n + 15. Give k(11).
-18
Let b(x) = -x**3 + 7*x**2 - 6*x - 4. Calculate b(6).
-4
Let u(p) = 3*p + 9. Give u(-3).
0
Let j(b) = b**2 + 55*b - 210. Calculate j(-59).
26
Let z(r) = r**2 - 6*r + 7. What is z(7)?
14
Let g(w) = -2*w**2 - w - 24. Calculate g(0).
-24
Let k(a) = 2*a**2 - 3*a - 1. Determine k(1).
-2
Let u(b) = -7*b + 37. Give u(6).
-5
Let g(y) = -y**3 - 24*y**2 + 27*y + 24. Calculate g(-25).
-26
Let m(z) = -z**3 + 4*z**2 + 11*z - 37. Calculate m(5).
-7
Let n(j) = j**3 - j**2 - 2*j + 3. Determine n(2).
3
Let c(q) = -3*q**3 + 16*q**2 - 4*q - 4. What is c(5)?
1
Let d(b) = b**2 + 1. Determine d(-3).
10
Let g(z) = 7*z - 6. Determine g(3).
15
Let v(m) = -m**3 - 18*m**2 + 40*m + 13. Calculate v(-20).
13
Let k(n) = -n - 10. Give k(-3).
-7
Let c(o) = o - 3. What is c(7)?
4
Let s(b) = 5*b**3 - 29*b**2 - 12*b + 3. What is s(6)?
-33
Let i(j) = 45